[INFO] cloning repository https://github.com/uzkbwza/rust-rl
[INFO] running `Command { std: "git" "-c" "credential.helper=" "-c" "credential.helper=/workspace/cargo-home/bin/git-credential-null" "clone" "--bare" "https://github.com/uzkbwza/rust-rl" "/workspace/cache/git-repos/https%3A%2F%2Fgithub.com%2Fuzkbwza%2Frust-rl", kill_on_drop: false }`
[INFO] [stderr] Cloning into bare repository '/workspace/cache/git-repos/https%3A%2F%2Fgithub.com%2Fuzkbwza%2Frust-rl'...
[INFO] running `Command { std: "git" "rev-parse" "HEAD", kill_on_drop: false }`
[INFO] [stdout] 4ed7841e5ff0c8ca108c0e36a0c165c607e640fe
[INFO] checking uzkbwza/rust-rl against master#af3c6e733a40e671550e0f0f5aeecaa13772ba56 for pr-74989
[INFO] running `Command { std: "git" "clone" "/workspace/cache/git-repos/https%3A%2F%2Fgithub.com%2Fuzkbwza%2Frust-rl" "/workspace/builds/worker-8/source", kill_on_drop: false }`
[INFO] [stderr] Cloning into '/workspace/builds/worker-8/source'...
[INFO] [stderr] done.
[INFO] validating manifest of git repo https://github.com/uzkbwza/rust-rl on toolchain af3c6e733a40e671550e0f0f5aeecaa13772ba56
[INFO] running `Command { std: "/workspace/cargo-home/bin/cargo" "+af3c6e733a40e671550e0f0f5aeecaa13772ba56" "read-manifest" "--manifest-path" "Cargo.toml", kill_on_drop: false }`
[INFO] started tweaking git repo https://github.com/uzkbwza/rust-rl
[INFO] removed path dependency mapgen from git repo https://github.com/uzkbwza/rust-rl
[INFO] removed path dependency vecmap from git repo https://github.com/uzkbwza/rust-rl
[INFO] finished tweaking git repo https://github.com/uzkbwza/rust-rl
[INFO] tweaked toml for git repo https://github.com/uzkbwza/rust-rl written to /workspace/builds/worker-8/source/Cargo.toml
[INFO] running `Command { std: "/workspace/cargo-home/bin/cargo" "+af3c6e733a40e671550e0f0f5aeecaa13772ba56" "generate-lockfile" "--manifest-path" "Cargo.toml" "-Zno-index-update", kill_on_drop: false }`
[INFO] [stderr]     Updating git repository `https://github.com/thebracket/rltk_rs`
[INFO] running `Command { std: "/workspace/cargo-home/bin/cargo" "+af3c6e733a40e671550e0f0f5aeecaa13772ba56" "fetch" "--locked" "--manifest-path" "Cargo.toml", kill_on_drop: false }`
[INFO] [stderr] warning: dependency (mapgen) specified without providing a local path, Git repository, or version to use. This will be considered an error in future versions
[INFO] [stderr] warning: dependency (vecmap) specified without providing a local path, Git repository, or version to use. This will be considered an error in future versions
[INFO] running `Command { std: "docker" "create" "-v" "/var/lib/crater-agent-workspace/builds/worker-8/target:/opt/rustwide/target:rw,Z" "-v" "/var/lib/crater-agent-workspace/builds/worker-8/source:/opt/rustwide/workdir:ro,Z" "-v" "/var/lib/crater-agent-workspace/cargo-home:/opt/rustwide/cargo-home:ro,Z" "-v" "/var/lib/crater-agent-workspace/rustup-home:/opt/rustwide/rustup-home:ro,Z" "-e" "SOURCE_DIR=/opt/rustwide/workdir" "-e" "CARGO_TARGET_DIR=/opt/rustwide/target" "-e" "CARGO_HOME=/opt/rustwide/cargo-home" "-e" "RUSTUP_HOME=/opt/rustwide/rustup-home" "-w" "/opt/rustwide/workdir" "-m" "1610612736" "--user" "0:0" "--network" "none" "rustops/crates-build-env@sha256:d92eaeed33fa75130ca1ee6c8a01d1ffb62bac859dfdfb3450e3e5d1c0146529" "/opt/rustwide/cargo-home/bin/cargo" "+af3c6e733a40e671550e0f0f5aeecaa13772ba56" "metadata" "--no-deps" "--format-version=1", kill_on_drop: false }`
[INFO] [stdout] 89a193390b53a214d840fa980307325ee3ce6a05dacf27652622e2419c0fbf12
[INFO] [stderr] WARNING: Your kernel does not support swap limit capabilities or the cgroup is not mounted. Memory limited without swap.
[INFO] running `Command { std: "docker" "start" "-a" "89a193390b53a214d840fa980307325ee3ce6a05dacf27652622e2419c0fbf12", kill_on_drop: false }`
[INFO] running `Command { std: "docker" "inspect" "89a193390b53a214d840fa980307325ee3ce6a05dacf27652622e2419c0fbf12", kill_on_drop: false }`
[INFO] running `Command { std: "docker" "rm" "-f" "89a193390b53a214d840fa980307325ee3ce6a05dacf27652622e2419c0fbf12", kill_on_drop: false }`
[INFO] [stdout] 89a193390b53a214d840fa980307325ee3ce6a05dacf27652622e2419c0fbf12
[INFO] running `Command { std: "docker" "create" "-v" "/var/lib/crater-agent-workspace/builds/worker-8/target:/opt/rustwide/target:rw,Z" "-v" "/var/lib/crater-agent-workspace/builds/worker-8/source:/opt/rustwide/workdir:ro,Z" "-v" "/var/lib/crater-agent-workspace/cargo-home:/opt/rustwide/cargo-home:ro,Z" "-v" "/var/lib/crater-agent-workspace/rustup-home:/opt/rustwide/rustup-home:ro,Z" "-e" "SOURCE_DIR=/opt/rustwide/workdir" "-e" "CARGO_TARGET_DIR=/opt/rustwide/target" "-e" "CARGO_INCREMENTAL=0" "-e" "RUST_BACKTRACE=full" "-e" "RUSTFLAGS=--cap-lints=forbid" "-e" "CARGO_HOME=/opt/rustwide/cargo-home" "-e" "RUSTUP_HOME=/opt/rustwide/rustup-home" "-w" "/opt/rustwide/workdir" "-m" "1610612736" "--user" "0:0" "--network" "none" "rustops/crates-build-env@sha256:d92eaeed33fa75130ca1ee6c8a01d1ffb62bac859dfdfb3450e3e5d1c0146529" "/opt/rustwide/cargo-home/bin/cargo" "+af3c6e733a40e671550e0f0f5aeecaa13772ba56" "check" "--frozen" "--all" "--all-targets" "--message-format=json", kill_on_drop: false }`
[INFO] [stdout] 6459fe1789841a50082517bef8edf86a96e65011d581c230bf3edd48675ffa94
[INFO] [stderr] WARNING: Your kernel does not support swap limit capabilities or the cgroup is not mounted. Memory limited without swap.
[INFO] running `Command { std: "docker" "start" "-a" "6459fe1789841a50082517bef8edf86a96e65011d581c230bf3edd48675ffa94", kill_on_drop: false }`
[INFO] [stderr] warning: dependency (mapgen) specified without providing a local path, Git repository, or version to use. This will be considered an error in future versions
[INFO] [stderr] warning: dependency (vecmap) specified without providing a local path, Git repository, or version to use. This will be considered an error in future versions
[INFO] [stderr]    Compiling bitflags v1.2.1
[INFO] [stderr]    Compiling byteorder v1.3.4
[INFO] [stderr]    Compiling maybe-uninit v2.0.0
[INFO] [stderr]    Compiling getrandom v0.1.15
[INFO] [stderr]    Compiling libloading v0.6.3
[INFO] [stderr]     Checking scopeguard v1.1.0
[INFO] [stderr]     Checking downcast-rs v1.2.0
[INFO] [stderr]    Compiling proc-macro2 v1.0.21
[INFO] [stderr]     Checking adler32 v1.2.0
[INFO] [stderr]     Checking slab v0.4.2
[INFO] [stderr]     Checking lazycell v1.3.0
[INFO] [stderr]    Compiling syn v1.0.41
[INFO] [stderr]    Compiling memchr v2.3.3
[INFO] [stderr]     Checking bytemuck v1.4.1
[INFO] [stderr]     Checking xml-rs v0.8.3
[INFO] [stderr]    Compiling rayon-core v1.8.0
[INFO] [stderr]    Compiling nix v0.11.1
[INFO] [stderr]     Checking stable_deref_trait v1.2.0
[INFO] [stderr]     Checking scopeguard v0.3.3
[INFO] [stderr]    Compiling typenum v1.12.0
[INFO] [stderr]     Checking instant v0.1.6
[INFO] [stderr]    Compiling serde_derive v1.0.116
[INFO] [stderr]     Checking percent-encoding v2.1.0
[INFO] [stderr]    Compiling serde v1.0.116
[INFO] [stderr]     Checking either v1.6.0
[INFO] [stderr]     Checking quick-error v1.2.3
[INFO] [stderr]     Checking termcolor v1.1.0
[INFO] [stderr]     Checking vecmap v0.1.0
[INFO] [stderr]     Checking arrayref v0.3.6
[INFO] [stderr]     Checking array2d v0.2.1
[INFO] [stderr]    Compiling num-traits v0.2.12
[INFO] [stderr]    Compiling num-integer v0.1.43
[INFO] [stderr]    Compiling crossbeam-utils v0.7.2
[INFO] [stderr]    Compiling memoffset v0.5.5
[INFO] [stderr]    Compiling num-iter v0.1.41
[INFO] [stderr]    Compiling crossbeam-epoch v0.8.2
[INFO] [stderr]    Compiling num-rational v0.3.0
[INFO] [stderr]    Compiling miniz_oxide v0.4.2
[INFO] [stderr]     Checking thread_local v1.0.1
[INFO] [stderr]    Compiling rayon v1.4.0
[INFO] [stderr]    Compiling num-rational v0.2.4
[INFO] [stderr]     Checking crossbeam-utils v0.6.6
[INFO] [stderr]    Compiling x11-dl v2.18.5
[INFO] [stderr]    Compiling libloading v0.5.2
[INFO] [stderr]    Compiling tcod-sys v5.0.1
[INFO] [stderr]     Checking rand_core v0.3.1
[INFO] [stderr]     Checking lock_api v0.3.4
[INFO] [stderr]     Checking miniz_oxide v0.3.7
[INFO] [stderr]     Checking inflate v0.4.5
[INFO] [stderr]    Compiling generic-array v0.14.4
[INFO] [stderr]     Checking owning_ref v0.4.1
[INFO] [stderr]    Compiling hashbrown v0.6.3
[INFO] [stderr]     Checking humantime v1.3.0
[INFO] [stderr]    Compiling libc v0.2.77
[INFO] [stderr]    Compiling log v0.4.11
[INFO] [stderr]     Checking wide v0.4.6
[INFO] [stderr]     Checking iovec v0.1.4
[INFO] [stderr]     Checking net2 v0.2.35
[INFO] [stderr]     Checking shared_library v0.1.9
[INFO] [stderr]     Checking parking_lot_core v0.7.2
[INFO] [stderr]     Checking memmap v0.7.0
[INFO] [stderr]     Checking rand v0.5.6
[INFO] [stderr]     Checking raw-window-handle v0.3.3
[INFO] [stderr]     Checking memmap v0.6.2
[INFO] [stderr]     Checking num_cpus v1.13.0
[INFO] [stderr]     Checking lock_api v0.1.5
[INFO] [stderr]     Checking crossbeam-queue v0.1.2
[INFO] [stderr]    Compiling parking_lot_core v0.3.1
[INFO] [stderr]    Compiling gl_generator v0.14.0
[INFO] [stderr]    Compiling gl_generator v0.13.1
[INFO] [stderr]    Compiling log v0.3.9
[INFO] [stderr]     Checking dlib v0.4.2
[INFO] [stderr]     Checking osmesa-sys v0.1.2
[INFO] [stderr]     Checking aho-corasick v0.7.13
[INFO] [stderr]     Checking rand_core v0.5.1
[INFO] [stderr]     Checking parking_lot v0.10.2
[INFO] [stderr]    Compiling wayland-scanner v0.23.6
[INFO] [stderr]    Compiling syn v0.15.44
[INFO] [stderr]     Checking smallvec v0.6.13
[INFO] [stderr]     Checking nix v0.14.1
[INFO] [stderr]    Compiling xml-rs v0.7.0
[INFO] [stderr]     Checking mio v0.6.22
[INFO] [stderr]     Checking wayland-sys v0.23.6
[INFO] [stderr]     Checking wayland-sys v0.20.12
[INFO] [stderr]     Checking stb_truetype v0.3.1
[INFO] [stderr]     Checking deflate v0.8.6
[INFO] [stderr]     Checking jpeg-decoder v0.1.20
[INFO] [stderr]     Checking deflate v0.7.20
[INFO] [stderr]     Checking ultraviolet v0.4.6
[INFO] [stderr]     Checking rand_chacha v0.2.2
[INFO] [stderr]     Checking rand_xorshift v0.2.0
[INFO] [stderr]     Checking crossbeam-channel v0.4.4
[INFO] [stderr]     Checking bracket-color v0.8.1 (https://github.com/thebracket/rltk_rs#320e8f9d)
[INFO] [stderr]     Checking object-pool v0.5.3
[INFO] [stderr]    Compiling quote v1.0.7
[INFO] [stderr]     Checking flate2 v1.0.17
[INFO] [stderr]     Checking approx v0.3.2
[INFO] [stderr]     Checking ordered-float v1.1.0
[INFO] [stderr]     Checking line_drawing v0.7.0
[INFO] [stderr]     Checking regex v1.3.9
[INFO] [stderr]     Checking wayland-commons v0.20.12
[INFO] [stderr]    Compiling wayland-scanner v0.20.12
[INFO] [stderr]    Compiling gl_generator v0.9.0
[INFO] [stderr]    Compiling gl_generator v0.6.1
[INFO] [stderr]     Checking mio-extras v2.0.6
[INFO] [stderr]    Compiling glutin_glx_sys v0.1.7
[INFO] [stderr]    Compiling glutin_egl_sys v0.1.5
[INFO] [stderr]     Checking png v0.16.7
[INFO] [stderr]    Compiling glow v0.4.0
[INFO] [stderr]    Compiling const-random-macro v0.1.8
[INFO] [stderr]     Checking rand v0.7.3
[INFO] [stderr]     Checking png v0.15.3
[INFO] [stderr]     Checking crossbeam-deque v0.7.3
[INFO] [stderr]     Checking rusttype v0.8.3
[INFO] [stderr]     Checking bracket-geometry v0.8.1 (https://github.com/thebracket/rltk_rs#320e8f9d)
[INFO] [stderr]     Checking parking_lot v0.6.4
[INFO] [stderr]     Checking block-buffer v0.9.0
[INFO] [stderr]     Checking digest v0.9.0
[INFO] [stderr]    Compiling wayland-client v0.23.6
[INFO] [stderr]    Compiling wayland-protocols v0.23.6
[INFO] [stderr]    Compiling wayland-client v0.20.12
[INFO] [stderr]    Compiling wayland-protocols v0.20.12
[INFO] [stderr]     Checking env_logger v0.7.1
[INFO] [stderr]     Checking wayland-commons v0.23.6
[INFO] [stderr]     Checking calloop v0.4.4
[INFO] [stderr]     Checking const-random v0.1.8
[INFO] [stderr]     Checking rusttype v0.7.9
[INFO] [stderr]     Checking sha2 v0.9.1
[INFO] [stderr]     Checking bracket-algorithm-traits v0.8.1 (https://github.com/thebracket/rltk_rs#320e8f9d)
[INFO] [stderr]     Checking image v0.22.5
[INFO] [stderr]     Checking image v0.23.9
[INFO] [stderr]    Compiling glutin v0.17.0
[INFO] [stderr]     Checking tempfile v3.1.0
[INFO] [stderr]     Checking bracket-random v0.8.0 (https://github.com/thebracket/rltk_rs#320e8f9d)
[INFO] [stderr]     Checking mapgen v0.2.0
[INFO] [stderr]    Compiling gl v0.6.5
[INFO] [stderr]     Checking andrew v0.2.1
[INFO] [stderr]     Checking ahash v0.2.18
[INFO] [stderr]     Checking bracket-pathfinding v0.8.1 (https://github.com/thebracket/rltk_rs#320e8f9d)
[INFO] [stderr]     Checking bracket-noise v0.8.1 (https://github.com/thebracket/rltk_rs#320e8f9d)
[INFO] [stderr]    Compiling derivative v1.0.4
[INFO] [stderr]     Checking tcod v0.15.0
[INFO] [stderr]     Checking smithay-client-toolkit v0.2.6
[INFO] [stderr]     Checking hibitset v0.6.3
[INFO] [stderr]     Checking winit v0.16.2
[INFO] [stderr]     Checking uni-gl v0.1.2
[INFO] [stderr]     Checking uni-app v0.1.3
[INFO] [stderr]     Checking doryen-rs v1.2.3
[INFO] [stderr]     Checking smithay-client-toolkit v0.6.6
[INFO] [stderr]    Compiling shred-derive v0.6.2
[INFO] [stderr]    Compiling specs-derive v0.4.1
[INFO] [stderr]     Checking shred v0.9.4
[INFO] [stderr]     Checking winit v0.22.2
[INFO] [stderr]     Checking specs v0.15.1
[INFO] [stderr]     Checking glutin v0.24.1
[INFO] [stderr]     Checking bracket-terminal v0.8.1 (https://github.com/thebracket/rltk_rs#320e8f9d)
[INFO] [stderr]     Checking bracket-lib v0.8.1 (https://github.com/thebracket/rltk_rs#320e8f9d)
[INFO] [stderr]     Checking rltk v0.8.1 (https://github.com/thebracket/rltk_rs#320e8f9d)
[INFO] [stderr]     Checking toml v0.5.6
[INFO] [stderr]     Checking ron v0.6.2
[INFO] [stderr]     Checking rust-rl v0.1.0 (/opt/rustwide/workdir)
[INFO] [stdout] error[E0432]: unresolved import `crate::mapgen::bsp`
[INFO] [stdout]  --> src/systems/mapgen.rs:3:20
[INFO] [stdout]   |
[INFO] [stdout] 3 | use crate::mapgen::bsp::*;
[INFO] [stdout]   |                    ^^^ could not find `bsp` in `mapgen`
[INFO] [stdout] 
[INFO] [stdout] 
[INFO] [stdout] error[E0432]: unresolved imports `crate::mapgen::level`, `rand`
[INFO] [stdout]  --> src/systems/mapgen.rs:5:20
[INFO] [stdout]   |
[INFO] [stdout] 5 | use crate::mapgen::level::*;
[INFO] [stdout]   |                    ^^^^^ could not find `level` in `mapgen`
[INFO] [stdout] ...
[INFO] [stdout] 8 | use rand;
[INFO] [stdout]   |     ^^^^
[INFO] [stdout] 
[INFO] [stdout] 
[INFO] [stdout] error[E0433]: failed to resolve: use of undeclared type or module `BspLevel`
[INFO] [stdout]   --> src/systems/mapgen.rs:44:29
[INFO] [stdout]    |
[INFO] [stdout] 44 |         let mut bsp_level = BspLevel::create(CONFIG.map_width, CONFIG.map_height, &seed);
[INFO] [stdout]    |                             ^^^^^^^^ use of undeclared type or module `BspLevel`
[INFO] [stdout] 
[INFO] [stdout] 
[INFO] [stdout] error[E0433]: failed to resolve: use of undeclared type or module `TileType`
[INFO] [stdout]   --> src/systems/mapgen.rs:56:17
[INFO] [stdout]    |
[INFO] [stdout] 56 |                 TileType::Wall => {
[INFO] [stdout]    |                 ^^^^^^^^ use of undeclared type or module `TileType`
[INFO] [stdout] 
[INFO] [stdout] 
[INFO] [stdout] error[E0433]: failed to resolve: use of undeclared type or module `TileType`
[INFO] [stdout]   --> src/systems/mapgen.rs:75:21
[INFO] [stdout]    |
[INFO] [stdout] 75 |                     TileType::Floor => {
[INFO] [stdout]    |                     ^^^^^^^^ use of undeclared type or module `TileType`
[INFO] [stdout] 
[INFO] [stdout] 
[INFO] [stdout] error[E0659]: `vecmap` is ambiguous (name vs any other name during import resolution)
[INFO] [stdout]   --> src/ecs.rs:15:5
[INFO] [stdout]    |
[INFO] [stdout] 15 | use vecmap::*;
[INFO] [stdout]    |     ^^^^^^ ambiguous name
[INFO] [stdout]    |
[INFO] [stdout] note: `vecmap` could refer to the module imported here
[INFO] [stdout]   --> src/ecs.rs:15:5
[INFO] [stdout]    |
[INFO] [stdout] 15 | use vecmap::*;
[INFO] [stdout]    |     ^^^^^^^^^
[INFO] [stdout]    = help: use `self::vecmap` to refer to this module unambiguously
[INFO] [stdout] note: `vecmap` could also refer to the crate imported here
[INFO] [stdout]   --> src/main.rs:14:1
[INFO] [stdout]    |
[INFO] [stdout] 14 | extern crate vecmap;
[INFO] [stdout]    | ^^^^^^^^^^^^^^^^^^^^
[INFO] [stdout]    = help: use `::vecmap` to refer to this crate unambiguously
[INFO] [stdout] 
[INFO] [stdout] 
[INFO] [stdout] error[E0659]: `vecmap` is ambiguous (name vs any other name during import resolution)
[INFO] [stdout]   --> src/map.rs:5:5
[INFO] [stdout]    |
[INFO] [stdout] 5  | use vecmap::*;
[INFO] [stdout]    |     ^^^^^^ ambiguous name
[INFO] [stdout]    |
[INFO] [stdout] note: `vecmap` could refer to the module imported here
[INFO] [stdout]   --> src/map.rs:5:5
[INFO] [stdout]    |
[INFO] [stdout] 5  | use vecmap::*;
[INFO] [stdout]    |     ^^^^^^^^^
[INFO] [stdout]    = help: use `self::vecmap` to refer to this module unambiguously
[INFO] [stdout] note: `vecmap` could also refer to the crate imported here
[INFO] [stdout]   --> src/main.rs:14:1
[INFO] [stdout]    |
[INFO] [stdout] 14 | extern crate vecmap;
[INFO] [stdout]    | ^^^^^^^^^^^^^^^^^^^^
[INFO] [stdout]    = help: use `::vecmap` to refer to this crate unambiguously
[INFO] [stdout] 
[INFO] [stdout] 
[INFO] [stdout] error[E0432]: unresolved import `crate::mapgen::bsp`
[INFO] [stdout]  --> src/systems/mapgen.rs:3:20
[INFO] [stdout]   |
[INFO] [stdout] 3 | use crate::mapgen::bsp::*;
[INFO] [stdout]   |                    ^^^ could not find `bsp` in `mapgen`
[INFO] [stdout] 
[INFO] [stdout] 
[INFO] [stdout] error[E0659]: `vecmap` is ambiguous (name vs any other name during import resolution)
[INFO] [stdout]   --> src/systems/movement.rs:9:5
[INFO] [stdout]    |
[INFO] [stdout] 9  | use vecmap::*;
[INFO] [stdout]    |     ^^^^^^ ambiguous name
[INFO] [stdout]    |
[INFO] [stdout] note: `vecmap` could refer to the module imported here
[INFO] [stdout]   --> src/systems/movement.rs:9:5
[INFO] [stdout]    |
[INFO] [stdout] 9  | use vecmap::*;
[INFO] [stdout]    |     ^^^^^^^^^
[INFO] [stdout]    = help: use `self::vecmap` to refer to this module unambiguously
[INFO] [stdout] note: `vecmap` could also refer to the crate imported here
[INFO] [stdout]   --> src/main.rs:14:1
[INFO] [stdout]    |
[INFO] [stdout] 14 | extern crate vecmap;
[INFO] [stdout]    | ^^^^^^^^^^^^^^^^^^^^
[INFO] [stdout]    = help: use `::vecmap` to refer to this crate unambiguously
[INFO] [stdout] 
[INFO] [stdout] 
[INFO] [stdout] error[E0659]: `vecmap` is ambiguous (name vs any other name during import resolution)
[INFO] [stdout]   --> src/systems/render.rs:13:5
[INFO] [stdout]    |
[INFO] [stdout] 13 | use vecmap::*;
[INFO] [stdout]    |     ^^^^^^ ambiguous name
[INFO] [stdout]    |
[INFO] [stdout] note: `vecmap` could refer to the module imported here
[INFO] [stdout]   --> src/systems/render.rs:13:5
[INFO] [stdout]    |
[INFO] [stdout] 13 | use vecmap::*;
[INFO] [stdout]    |     ^^^^^^^^^
[INFO] [stdout]    = help: use `self::vecmap` to refer to this module unambiguously
[INFO] [stdout] note: `vecmap` could also refer to the crate imported here
[INFO] [stdout]   --> src/main.rs:14:1
[INFO] [stdout]    |
[INFO] [stdout] 14 | extern crate vecmap;
[INFO] [stdout]    | ^^^^^^^^^^^^^^^^^^^^
[INFO] [stdout]    = help: use `::vecmap` to refer to this crate unambiguously
[INFO] [stdout] 
[INFO] [stdout] 
[INFO] [stdout] error[E0432]: unresolved imports `crate::mapgen::level`, `rand`
[INFO] [stdout]  --> src/systems/mapgen.rs:5:20
[INFO] [stdout]   |
[INFO] [stdout] 5 | use crate::mapgen::level::*;
[INFO] [stdout]   |                    ^^^^^ could not find `level` in `mapgen`
[INFO] [stdout] ...
[INFO] [stdout] 8 | use rand;
[INFO] [stdout]   |     ^^^^
[INFO] [stdout] 
[INFO] [stdout] 
[INFO] [stdout] warning: unused `#[macro_use]` import
[INFO] [stdout]   --> src/main.rs:16:1
[INFO] [stdout]    |
[INFO] [stdout] 16 | #[macro_use]
[INFO] [stdout]    | ^^^^^^^^^^^^
[INFO] [stdout]    |
[INFO] [stdout]    = note: `#[warn(unused_imports)]` on by default
[INFO] [stdout] 
[INFO] [stdout] 
[INFO] [stdout] warning: unused import: `std::env`
[INFO] [stdout]   --> src/main.rs:21:5
[INFO] [stdout]    |
[INFO] [stdout] 21 | use std::env;
[INFO] [stdout]    |     ^^^^^^^^
[INFO] [stdout] 
[INFO] [stdout] 
[INFO] [stdout] warning: unused import: `tcod::console::*`
[INFO] [stdout]   --> src/main.rs:22:5
[INFO] [stdout]    |
[INFO] [stdout] 22 | use tcod::console::*;
[INFO] [stdout]    |     ^^^^^^^^^^^^^^^^
[INFO] [stdout] 
[INFO] [stdout] 
[INFO] [stdout] warning: unused import: `serde::Deserialize`
[INFO] [stdout]  --> src/command.rs:2:5
[INFO] [stdout]   |
[INFO] [stdout] 2 | use serde::Deserialize;
[INFO] [stdout]   |     ^^^^^^^^^^^^^^^^^^
[INFO] [stdout] 
[INFO] [stdout] 
[INFO] [stdout] warning: unused imports: `Value`, `de::Error`
[INFO] [stdout]  --> src/config.rs:4:12
[INFO] [stdout]   |
[INFO] [stdout] 4 | use toml::{de::Error, Value};
[INFO] [stdout]   |            ^^^^^^^^^  ^^^^^
[INFO] [stdout] 
[INFO] [stdout] 
[INFO] [stdout] warning: unused imports: `Position`, `Renderable`
[INFO] [stdout]  --> src/ecs.rs:2:25
[INFO] [stdout]   |
[INFO] [stdout] 2 | use crate::components::{Position, Renderable};
[INFO] [stdout]   |                         ^^^^^^^^  ^^^^^^^^^^
[INFO] [stdout] 
[INFO] [stdout] 
[INFO] [stdout] warning: unused import: `crate::systems::render::Tile`
[INFO] [stdout]  --> src/ecs.rs:6:5
[INFO] [stdout]   |
[INFO] [stdout] 6 | use crate::systems::render::Tile;
[INFO] [stdout]   |     ^^^^^^^^^^^^^^^^^^^^^^^^^^^^
[INFO] [stdout] 
[INFO] [stdout] 
[INFO] [stdout] warning: unused import: `std::fs::FileType`
[INFO] [stdout]  --> src/entity_factory.rs:8:5
[INFO] [stdout]   |
[INFO] [stdout] 8 | use std::fs::FileType;
[INFO] [stdout]   |     ^^^^^^^^^^^^^^^^^
[INFO] [stdout] 
[INFO] [stdout] 
[INFO] [stdout] warning: unused import: `read_dir`
[INFO] [stdout]  --> src/entity_factory.rs:9:15
[INFO] [stdout]   |
[INFO] [stdout] 9 | use std::fs::{read_dir, File};
[INFO] [stdout]   |               ^^^^^^^^
[INFO] [stdout] 
[INFO] [stdout] 
[INFO] [stdout] warning: unused import: `std::io::prelude::*`
[INFO] [stdout]   --> src/entity_factory.rs:10:5
[INFO] [stdout]    |
[INFO] [stdout] 10 | use std::io::prelude::*;
[INFO] [stdout]    |     ^^^^^^^^^^^^^^^^^^^
[INFO] [stdout] 
[INFO] [stdout] 
[INFO] [stdout] warning: unused import: `std::io::Read`
[INFO] [stdout]   --> src/entity_factory.rs:11:5
[INFO] [stdout]    |
[INFO] [stdout] 11 | use std::io::Read;
[INFO] [stdout]    |     ^^^^^^^^^^^^^
[INFO] [stdout] 
[INFO] [stdout] 
[INFO] [stdout] warning: unused import: `Path`
[INFO] [stdout]   --> src/entity_factory.rs:12:17
[INFO] [stdout]    |
[INFO] [stdout] 12 | use std::path::{Path, PathBuf};
[INFO] [stdout]    |                 ^^^^
[INFO] [stdout] 
[INFO] [stdout] 
[INFO] [stdout] warning: unused import: `walkdir::WalkDir`
[INFO] [stdout]   --> src/entity_factory.rs:13:5
[INFO] [stdout]    |
[INFO] [stdout] 13 | use walkdir::WalkDir;
[INFO] [stdout]    |     ^^^^^^^^^^^^^^^^
[INFO] [stdout] 
[INFO] [stdout] 
[INFO] [stdout] warning: unnecessary parentheses around method argument
[INFO] [stdout]   --> src/entity_factory.rs:67:58
[INFO] [stdout]    |
[INFO] [stdout] 67 | ...   let name = format_path_name(entry).split_off((path.to_string_lossy().len() + 1)); // remove topmost parent name from formatted name...
[INFO] [stdout]    |                                                    ^^^^^^^^^^^^^^^^^^^^^^^^^^^^^^^^^^ help: remove these parentheses
[INFO] [stdout]    |
[INFO] [stdout]    = note: `#[warn(unused_parens)]` on by default
[INFO] [stdout] 
[INFO] [stdout] 
[INFO] [stdout] warning: unused import: `crate::systems::ai::types::AiType`
[INFO] [stdout]  --> src/systems/actor_setup.rs:2:5
[INFO] [stdout]   |
[INFO] [stdout] 2 | use crate::systems::ai::types::AiType;
[INFO] [stdout]   |     ^^^^^^^^^^^^^^^^^^^^^^^^^^^^^^^^^
[INFO] [stdout] 
[INFO] [stdout] 
[INFO] [stdout] warning: unused import: `crate::ecs::State`
[INFO] [stdout]   --> src/systems/ai.rs:14:5
[INFO] [stdout]    |
[INFO] [stdout] 14 | use crate::ecs::State;
[INFO] [stdout]    |     ^^^^^^^^^^^^^^^^^
[INFO] [stdout] 
[INFO] [stdout] 
[INFO] [stdout] warning: unused import: `crate::mapgen::*`
[INFO] [stdout]  --> src/systems/mapgen.rs:6:5
[INFO] [stdout]   |
[INFO] [stdout] 6 | use crate::mapgen::*;
[INFO] [stdout]   |     ^^^^^^^^^^^^^^^^
[INFO] [stdout] 
[INFO] [stdout] 
[INFO] [stdout] warning: unused import: `Standard`
[INFO] [stdout]  --> src/systems/mapgen.rs:9:41
[INFO] [stdout]   |
[INFO] [stdout] 9 | use rand::distributions::{Alphanumeric, Standard};
[INFO] [stdout]   |                                         ^^^^^^^^
[INFO] [stdout] 
[INFO] [stdout] 
[INFO] [stdout] warning: unused import: `Sha256`
[INFO] [stdout]   --> src/systems/mapgen.rs:11:20
[INFO] [stdout]    |
[INFO] [stdout] 11 | use sha2::{Digest, Sha256};
[INFO] [stdout]    |                    ^^^^^^
[INFO] [stdout] 
[INFO] [stdout] 
[INFO] [stdout] warning: unused import: `serde::Deserialize`
[INFO] [stdout]  --> src/systems/render.rs:7:5
[INFO] [stdout]   |
[INFO] [stdout] 7 | use serde::Deserialize;
[INFO] [stdout]   |     ^^^^^^^^^^^^^^^^^^
[INFO] [stdout] 
[INFO] [stdout] 
[INFO] [stdout] warning: unused import: `shrev::EventChannel`
[INFO] [stdout]   --> src/main.rs:36:5
[INFO] [stdout]    |
[INFO] [stdout] 36 | use shrev::EventChannel;
[INFO] [stdout]    |     ^^^^^^^^^^^^^^^^^^^
[INFO] [stdout] 
[INFO] [stdout] 
[INFO] [stdout] warning: unused import: `tcod::input::*`
[INFO] [stdout]   --> src/main.rs:37:5
[INFO] [stdout]    |
[INFO] [stdout] 37 | use tcod::input::*;
[INFO] [stdout]    |     ^^^^^^^^^^^^^^
[INFO] [stdout] 
[INFO] [stdout] 
[INFO] [stdout] error[E0433]: failed to resolve: use of undeclared type or module `BspLevel`
[INFO] [stdout]   --> src/systems/mapgen.rs:44:29
[INFO] [stdout]    |
[INFO] [stdout] 44 |         let mut bsp_level = BspLevel::create(CONFIG.map_width, CONFIG.map_height, &seed);
[INFO] [stdout]    |                             ^^^^^^^^ use of undeclared type or module `BspLevel`
[INFO] [stdout] 
[INFO] [stdout] 
[INFO] [stdout] error[E0433]: failed to resolve: use of undeclared type or module `TileType`
[INFO] [stdout]   --> src/systems/mapgen.rs:56:17
[INFO] [stdout]    |
[INFO] [stdout] 56 |                 TileType::Wall => {
[INFO] [stdout]    |                 ^^^^^^^^ use of undeclared type or module `TileType`
[INFO] [stdout] 
[INFO] [stdout] 
[INFO] [stdout] error[E0433]: failed to resolve: use of undeclared type or module `TileType`
[INFO] [stdout]   --> src/systems/mapgen.rs:75:21
[INFO] [stdout]    |
[INFO] [stdout] 75 |                     TileType::Floor => {
[INFO] [stdout]    |                     ^^^^^^^^ use of undeclared type or module `TileType`
[INFO] [stdout] 
[INFO] [stdout] 
[INFO] [stdout] error[E0659]: `vecmap` is ambiguous (name vs any other name during import resolution)
[INFO] [stdout]   --> src/ecs.rs:15:5
[INFO] [stdout]    |
[INFO] [stdout] 15 | use vecmap::*;
[INFO] [stdout]    |     ^^^^^^ ambiguous name
[INFO] [stdout]    |
[INFO] [stdout] note: `vecmap` could refer to the module imported here
[INFO] [stdout]   --> src/ecs.rs:15:5
[INFO] [stdout]    |
[INFO] [stdout] 15 | use vecmap::*;
[INFO] [stdout]    |     ^^^^^^^^^
[INFO] [stdout]    = help: use `self::vecmap` to refer to this module unambiguously
[INFO] [stdout] note: `vecmap` could also refer to the crate imported here
[INFO] [stdout]   --> src/main.rs:14:1
[INFO] [stdout]    |
[INFO] [stdout] 14 | extern crate vecmap;
[INFO] [stdout]    | ^^^^^^^^^^^^^^^^^^^^
[INFO] [stdout]    = help: use `::vecmap` to refer to this crate unambiguously
[INFO] [stdout] 
[INFO] [stdout] 
[INFO] [stdout] error[E0659]: `vecmap` is ambiguous (name vs any other name during import resolution)
[INFO] [stdout]   --> src/map.rs:5:5
[INFO] [stdout]    |
[INFO] [stdout] 5  | use vecmap::*;
[INFO] [stdout]    |     ^^^^^^ ambiguous name
[INFO] [stdout]    |
[INFO] [stdout] note: `vecmap` could refer to the module imported here
[INFO] [stdout]   --> src/map.rs:5:5
[INFO] [stdout]    |
[INFO] [stdout] 5  | use vecmap::*;
[INFO] [stdout]    |     ^^^^^^^^^
[INFO] [stdout]    = help: use `self::vecmap` to refer to this module unambiguously
[INFO] [stdout] note: `vecmap` could also refer to the crate imported here
[INFO] [stdout]   --> src/main.rs:14:1
[INFO] [stdout]    |
[INFO] [stdout] 14 | extern crate vecmap;
[INFO] [stdout]    | ^^^^^^^^^^^^^^^^^^^^
[INFO] [stdout]    = help: use `::vecmap` to refer to this crate unambiguously
[INFO] [stdout] 
[INFO] [stdout] 
[INFO] [stdout] error[E0659]: `vecmap` is ambiguous (name vs any other name during import resolution)
[INFO] [stdout]   --> src/systems/movement.rs:9:5
[INFO] [stdout]    |
[INFO] [stdout] 9  | use vecmap::*;
[INFO] [stdout]    |     ^^^^^^ ambiguous name
[INFO] [stdout]    |
[INFO] [stdout] note: `vecmap` could refer to the module imported here
[INFO] [stdout]   --> src/systems/movement.rs:9:5
[INFO] [stdout]    |
[INFO] [stdout] 9  | use vecmap::*;
[INFO] [stdout]    |     ^^^^^^^^^
[INFO] [stdout]    = help: use `self::vecmap` to refer to this module unambiguously
[INFO] [stdout] note: `vecmap` could also refer to the crate imported here
[INFO] [stdout]   --> src/main.rs:14:1
[INFO] [stdout]    |
[INFO] [stdout] 14 | extern crate vecmap;
[INFO] [stdout]    | ^^^^^^^^^^^^^^^^^^^^
[INFO] [stdout]    = help: use `::vecmap` to refer to this crate unambiguously
[INFO] [stdout] 
[INFO] [stdout] 
[INFO] [stdout] error[E0659]: `vecmap` is ambiguous (name vs any other name during import resolution)
[INFO] [stdout]   --> src/systems/render.rs:13:5
[INFO] [stdout]    |
[INFO] [stdout] 13 | use vecmap::*;
[INFO] [stdout]    |     ^^^^^^ ambiguous name
[INFO] [stdout]    |
[INFO] [stdout] note: `vecmap` could refer to the module imported here
[INFO] [stdout]   --> src/systems/render.rs:13:5
[INFO] [stdout]    |
[INFO] [stdout] 13 | use vecmap::*;
[INFO] [stdout]    |     ^^^^^^^^^
[INFO] [stdout]    = help: use `self::vecmap` to refer to this module unambiguously
[INFO] [stdout] note: `vecmap` could also refer to the crate imported here
[INFO] [stdout]   --> src/main.rs:14:1
[INFO] [stdout]    |
[INFO] [stdout] 14 | extern crate vecmap;
[INFO] [stdout]    | ^^^^^^^^^^^^^^^^^^^^
[INFO] [stdout]    = help: use `::vecmap` to refer to this crate unambiguously
[INFO] [stdout] 
[INFO] [stdout] 
[INFO] [stdout] error[E0107]: wrong number of type arguments: expected 2, found 1
[INFO] [stdout]   --> src/map.rs:32:20
[INFO] [stdout]    |
[INFO] [stdout] 32 |     pub block_map: VecMap<BlockTile>,
[INFO] [stdout]    |                    ^^^^^^^^^^^^^^^^^ expected 2 type arguments
[INFO] [stdout] 
[INFO] [stdout] 
[INFO] [stdout] error[E0107]: wrong number of type arguments: expected 2, found 1
[INFO] [stdout]   --> src/systems/render.rs:15:20
[INFO] [stdout]    |
[INFO] [stdout] 15 | pub type TileMap = VecMap<Option<Tile>>;
[INFO] [stdout]    |                    ^^^^^^^^^^^^^^^^^^^^ expected 2 type arguments
[INFO] [stdout] 
[INFO] [stdout] 
[INFO] [stdout] warning: unused `#[macro_use]` import
[INFO] [stdout]   --> src/main.rs:16:1
[INFO] [stdout]    |
[INFO] [stdout] 16 | #[macro_use]
[INFO] [stdout]    | ^^^^^^^^^^^^
[INFO] [stdout]    |
[INFO] [stdout]    = note: `#[warn(unused_imports)]` on by default
[INFO] [stdout] 
[INFO] [stdout] 
[INFO] [stdout] warning: unused import: `std::env`
[INFO] [stdout]   --> src/main.rs:21:5
[INFO] [stdout]    |
[INFO] [stdout] 21 | use std::env;
[INFO] [stdout]    |     ^^^^^^^^
[INFO] [stdout] 
[INFO] [stdout] 
[INFO] [stdout] warning: unused import: `tcod::console::*`
[INFO] [stdout]   --> src/main.rs:22:5
[INFO] [stdout]    |
[INFO] [stdout] 22 | use tcod::console::*;
[INFO] [stdout]    |     ^^^^^^^^^^^^^^^^
[INFO] [stdout] 
[INFO] [stdout] 
[INFO] [stdout] warning: unused import: `serde::Deserialize`
[INFO] [stdout]  --> src/command.rs:2:5
[INFO] [stdout]   |
[INFO] [stdout] 2 | use serde::Deserialize;
[INFO] [stdout]   |     ^^^^^^^^^^^^^^^^^^
[INFO] [stdout] 
[INFO] [stdout] 
[INFO] [stdout] error[E0107]: wrong number of type arguments: expected 2, found 1
[INFO] [stdout]  --> src/map.rs:7:21
[INFO] [stdout]   |
[INFO] [stdout] 7 | pub type ActorMap = VecMap<Option<Entity>>;
[INFO] [stdout]   |                     ^^^^^^^^^^^^^^^^^^^^^^ expected 2 type arguments
[INFO] [stdout] 
[INFO] [stdout] 
[INFO] [stdout] warning: unused imports: `Value`, `de::Error`
[INFO] [stdout]  --> src/config.rs:4:12
[INFO] [stdout]   |
[INFO] [stdout] 4 | use toml::{de::Error, Value};
[INFO] [stdout]   |            ^^^^^^^^^  ^^^^^
[INFO] [stdout] 
[INFO] [stdout] 
[INFO] [stdout] warning: unused imports: `Position`, `Renderable`
[INFO] [stdout]  --> src/ecs.rs:2:25
[INFO] [stdout]   |
[INFO] [stdout] 2 | use crate::components::{Position, Renderable};
[INFO] [stdout]   |                         ^^^^^^^^  ^^^^^^^^^^
[INFO] [stdout] 
[INFO] [stdout] 
[INFO] [stdout] warning: unused import: `crate::systems::render::Tile`
[INFO] [stdout]  --> src/ecs.rs:6:5
[INFO] [stdout]   |
[INFO] [stdout] 6 | use crate::systems::render::Tile;
[INFO] [stdout]   |     ^^^^^^^^^^^^^^^^^^^^^^^^^^^^
[INFO] [stdout] 
[INFO] [stdout] 
[INFO] [stdout] warning: unused import: `std::fs::FileType`
[INFO] [stdout]  --> src/entity_factory.rs:8:5
[INFO] [stdout]   |
[INFO] [stdout] 8 | use std::fs::FileType;
[INFO] [stdout]   |     ^^^^^^^^^^^^^^^^^
[INFO] [stdout] 
[INFO] [stdout] 
[INFO] [stdout] warning: unused import: `read_dir`
[INFO] [stdout]  --> src/entity_factory.rs:9:15
[INFO] [stdout]   |
[INFO] [stdout] 9 | use std::fs::{read_dir, File};
[INFO] [stdout]   |               ^^^^^^^^
[INFO] [stdout] 
[INFO] [stdout] 
[INFO] [stdout] warning: unused import: `std::io::prelude::*`
[INFO] [stdout]   --> src/entity_factory.rs:10:5
[INFO] [stdout]    |
[INFO] [stdout] 10 | use std::io::prelude::*;
[INFO] [stdout]    |     ^^^^^^^^^^^^^^^^^^^
[INFO] [stdout] 
[INFO] [stdout] 
[INFO] [stdout] warning: unused import: `std::io::Read`
[INFO] [stdout]   --> src/entity_factory.rs:11:5
[INFO] [stdout]    |
[INFO] [stdout] 11 | use std::io::Read;
[INFO] [stdout]    |     ^^^^^^^^^^^^^
[INFO] [stdout] 
[INFO] [stdout] 
[INFO] [stdout] warning: unused import: `Path`
[INFO] [stdout]   --> src/entity_factory.rs:12:17
[INFO] [stdout]    |
[INFO] [stdout] 12 | use std::path::{Path, PathBuf};
[INFO] [stdout]    |                 ^^^^
[INFO] [stdout] 
[INFO] [stdout] 
[INFO] [stdout] warning: unused import: `walkdir::WalkDir`
[INFO] [stdout]   --> src/entity_factory.rs:13:5
[INFO] [stdout]    |
[INFO] [stdout] 13 | use walkdir::WalkDir;
[INFO] [stdout]    |     ^^^^^^^^^^^^^^^^
[INFO] [stdout] 
[INFO] [stdout] 
[INFO] [stdout] warning: unnecessary parentheses around method argument
[INFO] [stdout]   --> src/entity_factory.rs:67:58
[INFO] [stdout]    |
[INFO] [stdout] 67 | ...   let name = format_path_name(entry).split_off((path.to_string_lossy().len() + 1)); // remove topmost parent name from formatted name...
[INFO] [stdout]    |                                                    ^^^^^^^^^^^^^^^^^^^^^^^^^^^^^^^^^^ help: remove these parentheses
[INFO] [stdout]    |
[INFO] [stdout]    = note: `#[warn(unused_parens)]` on by default
[INFO] [stdout] 
[INFO] [stdout] 
[INFO] [stdout] warning: unused import: `crate::systems::ai::types::AiType`
[INFO] [stdout]  --> src/systems/actor_setup.rs:2:5
[INFO] [stdout]   |
[INFO] [stdout] 2 | use crate::systems::ai::types::AiType;
[INFO] [stdout]   |     ^^^^^^^^^^^^^^^^^^^^^^^^^^^^^^^^^
[INFO] [stdout] 
[INFO] [stdout] 
[INFO] [stdout] warning: unused import: `crate::ecs::State`
[INFO] [stdout]   --> src/systems/ai.rs:14:5
[INFO] [stdout]    |
[INFO] [stdout] 14 | use crate::ecs::State;
[INFO] [stdout]    |     ^^^^^^^^^^^^^^^^^
[INFO] [stdout] 
[INFO] [stdout] 
[INFO] [stdout] warning: unused import: `crate::mapgen::*`
[INFO] [stdout]  --> src/systems/mapgen.rs:6:5
[INFO] [stdout]   |
[INFO] [stdout] 6 | use crate::mapgen::*;
[INFO] [stdout]   |     ^^^^^^^^^^^^^^^^
[INFO] [stdout] 
[INFO] [stdout] 
[INFO] [stdout] warning: unused import: `Standard`
[INFO] [stdout]  --> src/systems/mapgen.rs:9:41
[INFO] [stdout]   |
[INFO] [stdout] 9 | use rand::distributions::{Alphanumeric, Standard};
[INFO] [stdout]   |                                         ^^^^^^^^
[INFO] [stdout] 
[INFO] [stdout] 
[INFO] [stdout] warning: unused import: `Sha256`
[INFO] [stdout]   --> src/systems/mapgen.rs:11:20
[INFO] [stdout]    |
[INFO] [stdout] 11 | use sha2::{Digest, Sha256};
[INFO] [stdout]    |                    ^^^^^^
[INFO] [stdout] 
[INFO] [stdout] 
[INFO] [stdout] warning: unused import: `serde::Deserialize`
[INFO] [stdout]  --> src/systems/render.rs:7:5
[INFO] [stdout]   |
[INFO] [stdout] 7 | use serde::Deserialize;
[INFO] [stdout]   |     ^^^^^^^^^^^^^^^^^^
[INFO] [stdout] 
[INFO] [stdout] 
[INFO] [stdout] warning: unused import: `shrev::EventChannel`
[INFO] [stdout]   --> src/main.rs:36:5
[INFO] [stdout]    |
[INFO] [stdout] 36 | use shrev::EventChannel;
[INFO] [stdout]    |     ^^^^^^^^^^^^^^^^^^^
[INFO] [stdout] 
[INFO] [stdout] 
[INFO] [stdout] warning: unused import: `tcod::input::*`
[INFO] [stdout]   --> src/main.rs:37:5
[INFO] [stdout]    |
[INFO] [stdout] 37 | use tcod::input::*;
[INFO] [stdout]    |     ^^^^^^^^^^^^^^
[INFO] [stdout] 
[INFO] [stdout] 
[INFO] [stdout] error: aborting due to 12 previous errors; 22 warnings emitted
[INFO] [stdout] 
[INFO] [stdout] 
[INFO] [stdout] Some errors have detailed explanations: E0107, E0432, E0433, E0659.
[INFO] [stdout] 
[INFO] [stdout] For more information about an error, try `rustc --explain E0107`.
[INFO] [stdout] 
[INFO] [stderr] error: could not compile `rust-rl`.
[INFO] [stderr] 
[INFO] [stderr] To learn more, run the command again with --verbose.
[INFO] [stderr] warning: build failed, waiting for other jobs to finish...
[INFO] [stdout] error[E0107]: wrong number of type arguments: expected 2, found 1
[INFO] [stdout]   --> src/map.rs:32:20
[INFO] [stdout]    |
[INFO] [stdout] 32 |     pub block_map: VecMap<BlockTile>,
[INFO] [stdout]    |                    ^^^^^^^^^^^^^^^^^ expected 2 type arguments
[INFO] [stdout] 
[INFO] [stdout] 
[INFO] [stdout] error[E0107]: wrong number of type arguments: expected 2, found 1
[INFO] [stdout]   --> src/systems/render.rs:15:20
[INFO] [stdout]    |
[INFO] [stdout] 15 | pub type TileMap = VecMap<Option<Tile>>;
[INFO] [stdout]    |                    ^^^^^^^^^^^^^^^^^^^^ expected 2 type arguments
[INFO] [stdout] 
[INFO] [stdout] 
[INFO] [stdout] error[E0107]: wrong number of type arguments: expected 2, found 1
[INFO] [stdout]  --> src/map.rs:7:21
[INFO] [stdout]   |
[INFO] [stdout] 7 | pub type ActorMap = VecMap<Option<Entity>>;
[INFO] [stdout]   |                     ^^^^^^^^^^^^^^^^^^^^^^ expected 2 type arguments
[INFO] [stdout] 
[INFO] [stdout] 
[INFO] [stdout] error: aborting due to 12 previous errors; 22 warnings emitted
[INFO] [stdout] 
[INFO] [stdout] 
[INFO] [stdout] Some errors have detailed explanations: E0107, E0432, E0433, E0659.
[INFO] [stdout] 
[INFO] [stdout] For more information about an error, try `rustc --explain E0107`.
[INFO] [stdout] 
[INFO] [stderr] error: build failed
[INFO] running `Command { std: "docker" "inspect" "6459fe1789841a50082517bef8edf86a96e65011d581c230bf3edd48675ffa94", kill_on_drop: false }`
[INFO] running `Command { std: "docker" "rm" "-f" "6459fe1789841a50082517bef8edf86a96e65011d581c230bf3edd48675ffa94", kill_on_drop: false }`
[INFO] [stdout] 6459fe1789841a50082517bef8edf86a96e65011d581c230bf3edd48675ffa94
